{"id":48,"date":"2023-11-30T12:08:00","date_gmt":"2023-11-30T12:08:00","guid":{"rendered":"https:\/\/bennetpuit.ee\/fin\/?page_id=48"},"modified":"2024-01-27T19:55:00","modified_gmt":"2024-01-27T19:55:00","slug":"hintakysely-ovet","status":"publish","type":"page","link":"https:\/\/bennetpuit.ee\/fin\/hintakysely-ovet\/","title":{"rendered":"Hintakysely &#8211; ovet"},"content":{"rendered":"<div id=\"pl-48\"  class=\"panel-layout\" ><div id=\"pg-48-0\"  class=\"panel-grid panel-no-style\" ><div id=\"pgc-48-0-0\"  class=\"panel-grid-cell\" ><div id=\"panel-48-0-0-0\" class=\"so-panel widget widget_sow-contact-form panel-first-child panel-last-child\" data-index=\"0\" ><div\n\t\t\t\n\t\t\tclass=\"so-widget-sow-contact-form so-widget-sow-contact-form-default-1dceae4ce411-48\"\n\t\t\t\n\t\t>\t<form\n\t\taction=\"\/fin\/wp-json\/wp\/v2\/pages\/48\"\n\t\tmethod=\"POST\"\n\t\tclass=\"sow-contact-form\"\n\t\tid=\"contact-form-69e3\"\n\t>\n\n\t\t\n\t\t\t\t\t<div class=\"sow-form-field sow-form-field-select\">\n\t\t\t\t<label class=\"sow-form-field-label-above\" for=\"sow-contact-form-field-ovi-tyyppi-1\">\n\t\t\t\t<strong>\n\t\t\t\t\tOVI TYYPPI\t\t\t\t\t\t\t\t\t<\/strong>\n\t\t\t<\/label>\n\t\t\t\t\t\t\t<div class=\"sow-field-container\">\n\t\t\t\t\t\t\t<select\n\t\t\tname=\"ovi-tyyppi-1\"\n\t\t\tid=\"sow-contact-form-field-ovi-tyyppi-1\"\n\t\t\t\t\t\t\t\t>\n\t\t\t\t\t\t\t\t<option\n\t\t\t\t\t\tvalue=\"ULKO-OVI\">\n\t\t\t\t\t\tULKO-OVI\t\t\t\t\t<\/option>\n\t\t\t\t\t\t\t\t\t<option\n\t\t\t\t\t\tvalue=\"KYNNYKSELLINEN SIS\u00c4OVI\">\n\t\t\t\t\t\tKYNNYKSELLINEN SIS\u00c4OVI\t\t\t\t\t<\/option>\n\t\t\t\t\t\t\t\t\t<option\n\t\t\t\t\t\tvalue=\"KYNNYKSET\u00d6N SIS\u00c4OVI\">\n\t\t\t\t\t\tKYNNYKSET\u00d6N SIS\u00c4OVI\t\t\t\t\t<\/option>\n\t\t\t\t\t\t<\/select>\n\t\t\t\t\t\t<\/div>\n\t\t\t\t\t\t\t<\/div>\n\t\t\t\t\t\t<div class=\"sow-form-field sow-form-field-select\">\n\t\t\t\t<label class=\"sow-form-field-label-above\" for=\"sow-contact-form-field-viilutettu-vai-maalattu-1\">\n\t\t\t\t<strong>\n\t\t\t\t\tVIILUTETTU VAI MAALATTU\t\t\t\t\t\t\t\t\t<\/strong>\n\t\t\t<\/label>\n\t\t\t\t\t\t\t<div class=\"sow-field-container\">\n\t\t\t\t\t\t\t<select\n\t\t\tname=\"viilutettu-vai-maalattu-1\"\n\t\t\tid=\"sow-contact-form-field-viilutettu-vai-maalattu-1\"\n\t\t\t\t\t\t\t\t>\n\t\t\t\t\t\t\t\t<option\n\t\t\t\t\t\tvalue=\"VIILUTETTU\">\n\t\t\t\t\t\tVIILUTETTU\t\t\t\t\t<\/option>\n\t\t\t\t\t\t\t\t\t<option\n\t\t\t\t\t\tvalue=\"MAALATTU\">\n\t\t\t\t\t\tMAALATTU\t\t\t\t\t<\/option>\n\t\t\t\t\t\t<\/select>\n\t\t\t\t\t\t<\/div>\n\t\t\t\t\t\t\t<\/div>\n\t\t\t\t\t\t<div class=\"sow-form-field sow-form-field-select\">\n\t\t\t\t<label class=\"sow-form-field-label-above\" for=\"sow-contact-form-field-saranat-1\">\n\t\t\t\t<strong>\n\t\t\t\t\tSARANAT\t\t\t\t\t\t\t\t\t<\/strong>\n\t\t\t<\/label>\n\t\t\t\t\t\t\t<div class=\"sow-field-container\">\n\t\t\t\t\t\t\t<select\n\t\t\tname=\"saranat-1\"\n\t\t\tid=\"sow-contact-form-field-saranat-1\"\n\t\t\t\t\t\t\t\t>\n\t\t\t\t\t\t\t\t<option\n\t\t\t\t\t\tvalue=\"PIILOSARANAT\">\n\t\t\t\t\t\tPIILOSARANAT\t\t\t\t\t<\/option>\n\t\t\t\t\t\t\t\t\t<option\n\t\t\t\t\t\tvalue=\"S\u00c4\u00c4DETT\u00c4V\u00c4 MANTELI SARANA\">\n\t\t\t\t\t\tS\u00c4\u00c4DETT\u00c4V\u00c4 MANTELI SARANA\t\t\t\t\t<\/option>\n\t\t\t\t\t\t<\/select>\n\t\t\t\t\t\t<\/div>\n\t\t\t\t\t\t\t<\/div>\n\t\t\t\t\t\t<div class=\"sow-form-field sow-form-field-select\">\n\t\t\t\t<label class=\"sow-form-field-label-above\" for=\"sow-contact-form-field-peitelistojen-tarpeellisuus-1\">\n\t\t\t\t<strong>\n\t\t\t\t\tPEITELISTOJEN TARPEELLISUUS\t\t\t\t\t\t\t\t\t<\/strong>\n\t\t\t<\/label>\n\t\t\t\t\t\t\t<div class=\"sow-field-container\">\n\t\t\t\t\t\t\t<select\n\t\t\tname=\"peitelistojen-tarpeellisuus-1\"\n\t\t\tid=\"sow-contact-form-field-peitelistojen-tarpeellisuus-1\"\n\t\t\t\t\t\t\t\t>\n\t\t\t\t\t\t\t\t<option\n\t\t\t\t\t\tvalue=\"KYLL\u00c4\">\n\t\t\t\t\t\tKYLL\u00c4\t\t\t\t\t<\/option>\n\t\t\t\t\t\t\t\t\t<option\n\t\t\t\t\t\tvalue=\"EI\">\n\t\t\t\t\t\tEI\t\t\t\t\t<\/option>\n\t\t\t\t\t\t<\/select>\n\t\t\t\t\t\t<\/div>\n\t\t\t\t\t\t\t<\/div>\n\t\t\t\t\t\t<div class=\"sow-form-field sow-form-field-select\">\n\t\t\t\t<label class=\"sow-form-field-label-above\" for=\"sow-contact-form-field-asennettuna-tai-ilman-asennusta-1\">\n\t\t\t\t<strong>\n\t\t\t\t\tASENNETTUNA TAI ILMAN ASENNUSTA\t\t\t\t\t\t\t\t\t<\/strong>\n\t\t\t<\/label>\n\t\t\t\t\t\t\t<div class=\"sow-field-container\">\n\t\t\t\t\t\t\t<select\n\t\t\tname=\"asennettuna-tai-ilman-asennusta-1\"\n\t\t\tid=\"sow-contact-form-field-asennettuna-tai-ilman-asennusta-1\"\n\t\t\t\t\t\t\t\t>\n\t\t\t\t\t\t\t\t<option\n\t\t\t\t\t\tvalue=\"ASENNETTUNA\">\n\t\t\t\t\t\tASENNETTUNA\t\t\t\t\t<\/option>\n\t\t\t\t\t\t\t\t\t<option\n\t\t\t\t\t\tvalue=\"ILMAN ASENNUSTA\">\n\t\t\t\t\t\tILMAN ASENNUSTA\t\t\t\t\t<\/option>\n\t\t\t\t\t\t<\/select>\n\t\t\t\t\t\t<\/div>\n\t\t\t\t\t\t\t<\/div>\n\t\t\t\t\t\t<div class=\"sow-form-field sow-form-field-name\">\n\t\t\t\t<label class=\"sow-form-field-label-above\" for=\"sow-contact-form-field-nimi-1\">\n\t\t\t\t<strong>\n\t\t\t\t\tNIMI\t\t\t\t\t\t\t\t\t<\/strong>\n\t\t\t<\/label>\n\t\t\t\t\t\t\t<div class=\"sow-field-container\">\n\t\t\t\t\t\t\t<input\n\t\t\ttype=\"text\"\n\t\t\tname=\"nimi-1\"\n\t\t\tid=\"sow-contact-form-field-nimi-1\"\n\t\t\tvalue=\"\"\n\t\t\tclass=\"sow-text-field\"\n\t\t\t\t\t\t\t\t\/>\n\t\t\t\t\t\t<\/div>\n\t\t\t\t\t\t\t<\/div>\n\t\t\t\t\t\t<div class=\"sow-form-field sow-form-field-tel\">\n\t\t\t\t<label class=\"sow-form-field-label-above\" for=\"sow-contact-form-field-puhelin-1\">\n\t\t\t\t<strong>\n\t\t\t\t\tPUHELIN\t\t\t\t\t\t\t\t\t<\/strong>\n\t\t\t<\/label>\n\t\t\t\t\t\t\t<div class=\"sow-field-container\">\n\t\t\t\t\t\t\t<input\n\t\t\ttype=\"tel\"\n\t\t\tname=\"puhelin-1\"\n\t\t\tid=\"sow-contact-form-field-puhelin-1\"\n\t\t\tvalue=\"\"\n\t\t\tclass=\"sow-text-field\"\t\t\t\t\t\t\t\t\/>\n\t\t\t\t\t\t<\/div>\n\t\t\t\t\t\t\t<\/div>\n\t\t\t\t\t\t<div class=\"sow-form-field sow-form-field-email\">\n\t\t\t\t<label class=\"sow-form-field-label-above\" for=\"sow-contact-form-field-sahkoinen-kirje-1\">\n\t\t\t\t<strong>\n\t\t\t\t\tS\u00c4HK\u00d6INEN KIRJE\t\t\t\t\t\t\t\t\t<\/strong>\n\t\t\t<\/label>\n\t\t\t\t\t\t\t<div class=\"sow-field-container\">\n\t\t\t\t\t\t\t<input\n\t\t\ttype=\"email\"\n\t\t\tname=\"sahkoinen-kirje-1\"\n\t\t\tid=\"sow-contact-form-field-sahkoinen-kirje-1\"\n\t\t\tvalue=\"\"\n\t\t\tclass=\"sow-text-field\"\t\t\t\t\t\t\t\t\/>\n\t\t\t\t\t\t<\/div>\n\t\t\t\t\t\t\t<\/div>\n\t\t\t\t\t\t<div class=\"sow-form-field sow-form-field-textarea\">\n\t\t\t\t<label class=\"sow-form-field-label-above\" for=\"sow-contact-form-field-asennuspaikan-osoite-1\">\n\t\t\t\t<strong>\n\t\t\t\t\tASENNUSPAIKAN OSOITE\t\t\t\t\t\t\t\t\t<\/strong>\n\t\t\t<\/label>\n\t\t\t\t\t\t\t<div class=\"sow-field-container\">\n\t\t\t\t\t\t\t<textarea\n\t\t\tname=\"asennuspaikan-osoite-1\"\n\t\t\tid=\"sow-contact-form-field-asennuspaikan-osoite-1\"\n\t\t\trows=\"10\"\n\t\t\t\t\t\t\t\t><\/textarea>\n\t\t\t\t\t\t<\/div>\n\t\t\t\t\t\t\t<\/div>\n\t\t\t\n\t\t\n\t\t<div class=\"sow-submit-wrapper \n\t\tsow-submit-styled\t\t\">\n\n\t\t\t<button\n\t\t\t\ttype=\"submit\"\n\t\t\t\tclass=\"sow-submit\n\t\t\t\t\t\t\t\t\"\n\t\t\t\t\t\t\t>\n\t\t\t\tL\u00c4HET\u00c4 TARJOUSPYYNT\u00d6\t\t\t<\/button>\n\t\t<\/div>\n\t\t\t\t<input\n\t\t\ttype=\"hidden\"\n\t\t\tname=\"instance_hash-1\"\n\t\t\tvalue=\"69e34b2f\"\n\t\t\/>\n\n\t\t<input type=\"hidden\" id=\"_wpnonce\" name=\"_wpnonce\" value=\"4bd7dce7f9\" \/><input type=\"hidden\" name=\"_wp_http_referer\" value=\"\/fin\/wp-json\/wp\/v2\/pages\/48\" \/>\t<\/form>\n\t<\/div><\/div><\/div><div id=\"pgc-48-0-1\"  class=\"panel-grid-cell\" ><div id=\"panel-48-0-1-0\" class=\"so-panel widget widget_sow-editor panel-first-child panel-last-child\" data-index=\"1\" ><div\n\t\t\t\n\t\t\tclass=\"so-widget-sow-editor so-widget-sow-editor-base\"\n\t\t\t\n\t\t>\n<div class=\"siteorigin-widget-tinymce textwidget\">\n\tngg_shortcode_0_placeholder\n<\/div>\n<\/div><\/div><\/div><\/div><\/div>","protected":false},"excerpt":{"rendered":"<p>OVI TYYPPI ULKO-OVI KYNNYKSELLINEN SIS\u00c4OVI KYNNYKSET\u00d6N SIS\u00c4OVI VIILUTETTU VAI MAALATTU VIILUTETTU MAALATTU SARANAT PIILOSARANAT S\u00c4\u00c4DETT\u00c4V\u00c4 MANTELI SARANA PEITELISTOJEN TARPEELLISUUS KYLL\u00c4<\/p>\n<p><a href=\"https:\/\/bennetpuit.ee\/fin\/hintakysely-ovet\/\" class=\"more-link\">Continue reading<span class=\"screen-reader-text\">Hintakysely &#8211; ovet<\/span><\/a><\/p>\n","protected":false},"author":1,"featured_media":0,"parent":0,"menu_order":0,"comment_status":"closed","ping_status":"closed","template":"","meta":{"ngg_post_thumbnail":0,"footnotes":""},"class_list":["post-48","page","type-page","status-publish","hentry"],"_links":{"self":[{"href":"https:\/\/bennetpuit.ee\/fin\/wp-json\/wp\/v2\/pages\/48","targetHints":{"allow":["GET"]}}],"collection":[{"href":"https:\/\/bennetpuit.ee\/fin\/wp-json\/wp\/v2\/pages"}],"about":[{"href":"https:\/\/bennetpuit.ee\/fin\/wp-json\/wp\/v2\/types\/page"}],"author":[{"embeddable":true,"href":"https:\/\/bennetpuit.ee\/fin\/wp-json\/wp\/v2\/users\/1"}],"replies":[{"embeddable":true,"href":"https:\/\/bennetpuit.ee\/fin\/wp-json\/wp\/v2\/comments?post=48"}],"version-history":[{"count":3,"href":"https:\/\/bennetpuit.ee\/fin\/wp-json\/wp\/v2\/pages\/48\/revisions"}],"predecessor-version":[{"id":259,"href":"https:\/\/bennetpuit.ee\/fin\/wp-json\/wp\/v2\/pages\/48\/revisions\/259"}],"wp:attachment":[{"href":"https:\/\/bennetpuit.ee\/fin\/wp-json\/wp\/v2\/media?parent=48"}],"curies":[{"name":"wp","href":"https:\/\/api.w.org\/{rel}","templated":true}]}}