{"id":46,"date":"2023-11-30T12:03:37","date_gmt":"2023-11-30T12:03:37","guid":{"rendered":"https:\/\/bennetpuit.ee\/fin\/?page_id=46"},"modified":"2024-01-27T19:54:35","modified_gmt":"2024-01-27T19:54:35","slug":"hintapyynto-portaat","status":"publish","type":"page","link":"https:\/\/bennetpuit.ee\/fin\/hintapyynto-portaat\/","title":{"rendered":"Hintakysely &#8211; portaat"},"content":{"rendered":"<div id=\"pl-46\"  class=\"panel-layout\" ><div id=\"pg-46-0\"  class=\"panel-grid panel-no-style\" ><div id=\"pgc-46-0-0\"  class=\"panel-grid-cell\" ><div id=\"panel-46-0-0-0\" class=\"so-panel widget widget_sow-contact-form panel-first-child panel-last-child\" data-index=\"0\" ><div\n\t\t\t\n\t\t\tclass=\"so-widget-sow-contact-form so-widget-sow-contact-form-default-1dceae4ce411-46\"\n\t\t\t\n\t\t>\t<form\n\t\taction=\"\/fin\/wp-json\/wp\/v2\/pages\/46\"\n\t\tmethod=\"POST\"\n\t\tclass=\"sow-contact-form\"\n\t\tid=\"contact-form-69b9\"\n\t>\n\n\t\t\n\t\t\t\t\t<div class=\"sow-form-field sow-form-field-select\">\n\t\t\t\t<label class=\"sow-form-field-label-above\" for=\"sow-contact-form-field-porras-tyyppi-1\">\n\t\t\t\t<strong>\n\t\t\t\t\tPORRAS TYYPPI\t\t\t\t\t\t\t\t\t<\/strong>\n\t\t\t<\/label>\n\t\t\t\t\t\t\t<div class=\"sow-field-container\">\n\t\t\t\t\t\t\t<select\n\t\t\tname=\"porras-tyyppi-1\"\n\t\t\tid=\"sow-contact-form-field-porras-tyyppi-1\"\n\t\t\t\t\t\t\t\t>\n\t\t\t\t\t\t\t\t<option\n\t\t\t\t\t\tvalue=\"Suora\">\n\t\t\t\t\t\tSuora\t\t\t\t\t<\/option>\n\t\t\t\t\t\t\t\t\t<option\n\t\t\t\t\t\tvalue=\"L-PORRAS\">\n\t\t\t\t\t\tL-PORRAS\t\t\t\t\t<\/option>\n\t\t\t\t\t\t\t\t\t<option\n\t\t\t\t\t\tvalue=\"U-PORRAS\">\n\t\t\t\t\t\tU-PORRAS\t\t\t\t\t<\/option>\n\t\t\t\t\t\t<\/select>\n\t\t\t\t\t\t<\/div>\n\t\t\t\t\t\t\t<\/div>\n\t\t\t\t\t\t<div class=\"sow-form-field sow-form-field-text\">\n\t\t\t\t<label class=\"sow-form-field-label-above\" for=\"sow-contact-form-field-portaan-aukon-mitat-mm-1\">\n\t\t\t\t<strong>\n\t\t\t\t\tPORTAAN AUKON MITAT (mm)\t\t\t\t\t\t\t\t\t<\/strong>\n\t\t\t<\/label>\n\t\t\t\t\t\t\t<div class=\"sow-field-container\">\n\t\t\t\t\t\t\t<input\n\t\t\ttype=\"text\"\n\t\t\tname=\"portaan-aukon-mitat-mm-1\"\n\t\t\tid=\"sow-contact-form-field-portaan-aukon-mitat-mm-1\"\n\t\t\tvalue=\"\"\n\t\t\tclass=\"sow-text-field\"\t\t\taria-describedby=\"sow-contact-form-field-portaan-aukon-mitat-mm-1-description\" \t\t\t\t\t\/>\n\t\t\t\t\t\t\t\t<div\n\t\t\t\t\t\t\tclass=\"sow-form-field-description\"\n\t\t\t\t\t\t\tid=\"sow-contact-form-field-portaan-aukon-mitat-mm-1-description\"\n\t\t\t\t\t\t>\n\t\t\t\t\t\t\tKORKEUS \/ LEVEYS \/ PITUUS\t\t\t\t\t\t<\/div>\n\t\t\t\t\t\t\t\t\t\t<\/div>\n\t\t\t\t\t\t\t<\/div>\n\t\t\t\t\t\t<div class=\"sow-form-field sow-form-field-select\">\n\t\t\t\t<label class=\"sow-form-field-label-above\" for=\"sow-contact-form-field-porras-malli-1\">\n\t\t\t\t<strong>\n\t\t\t\t\tPORRAS MALLI\t\t\t\t\t\t\t\t\t<\/strong>\n\t\t\t<\/label>\n\t\t\t\t\t\t\t<div class=\"sow-field-container\">\n\t\t\t\t\t\t\t<select\n\t\t\tname=\"porras-malli-1\"\n\t\t\tid=\"sow-contact-form-field-porras-malli-1\"\n\t\t\t\t\t\t\t\t>\n\t\t\t\t\t\t\t\t<option\n\t\t\t\t\t\tvalue=\"SMYYGIEN V\u00c4LISS\u00c4\">\n\t\t\t\t\t\tSMYYGIEN V\u00c4LISS\u00c4\t\t\t\t\t<\/option>\n\t\t\t\t\t\t\t\t\t<option\n\t\t\t\t\t\tvalue=\"SATULA\">\n\t\t\t\t\t\tSATULA\t\t\t\t\t<\/option>\n\t\t\t\t\t\t<\/select>\n\t\t\t\t\t\t<\/div>\n\t\t\t\t\t\t\t<\/div>\n\t\t\t\t\t\t<div class=\"sow-form-field sow-form-field-select\">\n\t\t\t\t<label class=\"sow-form-field-label-above\" for=\"sow-contact-form-field-askelmien-materiaali-1\">\n\t\t\t\t<strong>\n\t\t\t\t\tASKELMIEN MATERIAALI\t\t\t\t\t\t\t\t\t<\/strong>\n\t\t\t<\/label>\n\t\t\t\t\t\t\t<div class=\"sow-field-container\">\n\t\t\t\t\t\t\t<select\n\t\t\tname=\"askelmien-materiaali-1\"\n\t\t\tid=\"sow-contact-form-field-askelmien-materiaali-1\"\n\t\t\t\t\t\t\t\t>\n\t\t\t\t\t\t\t\t<option\n\t\t\t\t\t\tvalue=\"M\u00c4NTY\">\n\t\t\t\t\t\tM\u00c4NTY\t\t\t\t\t<\/option>\n\t\t\t\t\t\t\t\t\t<option\n\t\t\t\t\t\tvalue=\"KOIVU\">\n\t\t\t\t\t\tKOIVU\t\t\t\t\t<\/option>\n\t\t\t\t\t\t\t\t\t<option\n\t\t\t\t\t\tvalue=\"TAMMI\">\n\t\t\t\t\t\tTAMMI\t\t\t\t\t<\/option>\n\t\t\t\t\t\t\t\t\t<option\n\t\t\t\t\t\tvalue=\"SAARNI\">\n\t\t\t\t\t\tSAARNI\t\t\t\t\t<\/option>\n\t\t\t\t\t\t\t\t\t<option\n\t\t\t\t\t\tvalue=\"VANERI\">\n\t\t\t\t\t\tVANERI\t\t\t\t\t<\/option>\n\t\t\t\t\t\t<\/select>\n\t\t\t\t\t\t<\/div>\n\t\t\t\t\t\t\t<\/div>\n\t\t\t\t\t\t<div class=\"sow-form-field sow-form-field-select\">\n\t\t\t\t<label class=\"sow-form-field-label-above\" for=\"sow-contact-form-field-smyygien-materiaali-1\">\n\t\t\t\t<strong>\n\t\t\t\t\tSMYYGIEN MATERIAALI\t\t\t\t\t\t\t\t\t<\/strong>\n\t\t\t<\/label>\n\t\t\t\t\t\t\t<div class=\"sow-field-container\">\n\t\t\t\t\t\t\t<select\n\t\t\tname=\"smyygien-materiaali-1\"\n\t\t\tid=\"sow-contact-form-field-smyygien-materiaali-1\"\n\t\t\t\t\t\t\t\t>\n\t\t\t\t\t\t\t\t<option\n\t\t\t\t\t\tvalue=\"M\u00c4NTY\">\n\t\t\t\t\t\tM\u00c4NTY\t\t\t\t\t<\/option>\n\t\t\t\t\t\t\t\t\t<option\n\t\t\t\t\t\tvalue=\"KOIVU\">\n\t\t\t\t\t\tKOIVU\t\t\t\t\t<\/option>\n\t\t\t\t\t\t\t\t\t<option\n\t\t\t\t\t\tvalue=\"TAMMI\">\n\t\t\t\t\t\tTAMMI\t\t\t\t\t<\/option>\n\t\t\t\t\t\t\t\t\t<option\n\t\t\t\t\t\tvalue=\"SAARNI\">\n\t\t\t\t\t\tSAARNI\t\t\t\t\t<\/option>\n\t\t\t\t\t\t\t\t\t<option\n\t\t\t\t\t\tvalue=\"VANERI\">\n\t\t\t\t\t\tVANERI\t\t\t\t\t<\/option>\n\t\t\t\t\t\t<\/select>\n\t\t\t\t\t\t<\/div>\n\t\t\t\t\t\t\t<\/div>\n\t\t\t\t\t\t<div class=\"sow-form-field sow-form-field-select\">\n\t\t\t\t<label class=\"sow-form-field-label-above\" for=\"sow-contact-form-field-varvaslaudan-materiaali-1\">\n\t\t\t\t<strong>\n\t\t\t\t\tVARVASLAUDAN MATERIAALI\t\t\t\t\t\t\t\t\t<\/strong>\n\t\t\t<\/label>\n\t\t\t\t\t\t\t<div class=\"sow-field-container\">\n\t\t\t\t\t\t\t<select\n\t\t\tname=\"varvaslaudan-materiaali-1\"\n\t\t\tid=\"sow-contact-form-field-varvaslaudan-materiaali-1\"\n\t\t\t\t\t\t\t\t>\n\t\t\t\t\t\t\t\t<option\n\t\t\t\t\t\tvalue=\"M\u00c4NTY\">\n\t\t\t\t\t\tM\u00c4NTY\t\t\t\t\t<\/option>\n\t\t\t\t\t\t\t\t\t<option\n\t\t\t\t\t\tvalue=\"KOIVU\">\n\t\t\t\t\t\tKOIVU\t\t\t\t\t<\/option>\n\t\t\t\t\t\t\t\t\t<option\n\t\t\t\t\t\tvalue=\"TAMMI\">\n\t\t\t\t\t\tTAMMI\t\t\t\t\t<\/option>\n\t\t\t\t\t\t\t\t\t<option\n\t\t\t\t\t\tvalue=\"SAARNI\">\n\t\t\t\t\t\tSAARNI\t\t\t\t\t<\/option>\n\t\t\t\t\t\t\t\t\t<option\n\t\t\t\t\t\tvalue=\"VANERI\">\n\t\t\t\t\t\tVANERI\t\t\t\t\t<\/option>\n\t\t\t\t\t\t<\/select>\n\t\t\t\t\t\t<\/div>\n\t\t\t\t\t\t\t<\/div>\n\t\t\t\t\t\t<div class=\"sow-form-field sow-form-field-select\">\n\t\t\t\t<label class=\"sow-form-field-label-above\" for=\"sow-contact-form-field-kaiteet-1\">\n\t\t\t\t<strong>\n\t\t\t\t\tKAITEET\t\t\t\t\t\t\t\t\t<\/strong>\n\t\t\t<\/label>\n\t\t\t\t\t\t\t<div class=\"sow-field-container\">\n\t\t\t\t\t\t\t<select\n\t\t\tname=\"kaiteet-1\"\n\t\t\tid=\"sow-contact-form-field-kaiteet-1\"\n\t\t\t\t\t\t\t\t>\n\t\t\t\t\t\t\t\t<option selected ><\/option>\n\t\t\t\t\t\t\t\t\t\t<option\n\t\t\t\t\t\tvalue=\"LASI\">\n\t\t\t\t\t\tLASI\t\t\t\t\t<\/option>\n\t\t\t\t\t\t\t\t\t<option\n\t\t\t\t\t\tvalue=\"PUU\">\n\t\t\t\t\t\tPUU\t\t\t\t\t<\/option>\n\t\t\t\t\t\t\t\t\t<option\n\t\t\t\t\t\tvalue=\"K\u00c4\u00c4NTYI\">\n\t\t\t\t\t\tK\u00c4\u00c4NTYI\t\t\t\t\t<\/option>\n\t\t\t\t\t\t\t\t\t<option\n\t\t\t\t\t\tvalue=\"VAIJERI\">\n\t\t\t\t\t\tVAIJERI\t\t\t\t\t<\/option>\n\t\t\t\t\t\t<\/select>\n\t\t\t\t\t\t<\/div>\n\t\t\t\t\t\t\t<\/div>\n\t\t\t\t\t\t<div class=\"sow-form-field sow-form-field-select\">\n\t\t\t\t<label class=\"sow-form-field-label-above\" for=\"sow-contact-form-field-kaiteiden-maara-portaassa-oikean-puolinen-1\">\n\t\t\t\t<strong>\n\t\t\t\t\tKAITEIDEN M\u00c4\u00c4R\u00c4 PORTAASSA - OIKEAN PUOLINEN\t\t\t\t\t\t\t\t\t<\/strong>\n\t\t\t<\/label>\n\t\t\t\t\t\t\t<div class=\"sow-field-container\">\n\t\t\t\t\t\t\t<select\n\t\t\tname=\"kaiteiden-maara-portaassa-oikean-puolinen-1\"\n\t\t\tid=\"sow-contact-form-field-kaiteiden-maara-portaassa-oikean-puolinen-1\"\n\t\t\t\t\t\t\t\t>\n\t\t\t\t\t\t\t\t<option\n\t\t\t\t\t\tvalue=\"1\">\n\t\t\t\t\t\t1\t\t\t\t\t<\/option>\n\t\t\t\t\t\t\t\t\t<option\n\t\t\t\t\t\tvalue=\"2\">\n\t\t\t\t\t\t2\t\t\t\t\t<\/option>\n\t\t\t\t\t\t\t\t\t<option\n\t\t\t\t\t\tvalue=\"3\">\n\t\t\t\t\t\t3\t\t\t\t\t<\/option>\n\t\t\t\t\t\t<\/select>\n\t\t\t\t\t\t<\/div>\n\t\t\t\t\t\t\t<\/div>\n\t\t\t\t\t\t<div class=\"sow-form-field sow-form-field-select\">\n\t\t\t\t<label class=\"sow-form-field-label-above\" for=\"sow-contact-form-field-kaiteiden-maara-portaassa-vasemman-puolinen-1\">\n\t\t\t\t<strong>\n\t\t\t\t\tKAITEIDEN M\u00c4\u00c4R\u00c4 PORTAASSA - VASEMMAN PUOLINEN\t\t\t\t\t\t\t\t\t<\/strong>\n\t\t\t<\/label>\n\t\t\t\t\t\t\t<div class=\"sow-field-container\">\n\t\t\t\t\t\t\t<select\n\t\t\tname=\"kaiteiden-maara-portaassa-vasemman-puolinen-1\"\n\t\t\tid=\"sow-contact-form-field-kaiteiden-maara-portaassa-vasemman-puolinen-1\"\n\t\t\t\t\t\t\t\t>\n\t\t\t\t\t\t\t\t<option\n\t\t\t\t\t\tvalue=\"1\">\n\t\t\t\t\t\t1\t\t\t\t\t<\/option>\n\t\t\t\t\t\t\t\t\t<option\n\t\t\t\t\t\tvalue=\"2\">\n\t\t\t\t\t\t2\t\t\t\t\t<\/option>\n\t\t\t\t\t\t\t\t\t<option\n\t\t\t\t\t\tvalue=\"3\">\n\t\t\t\t\t\t3\t\t\t\t\t<\/option>\n\t\t\t\t\t\t<\/select>\n\t\t\t\t\t\t<\/div>\n\t\t\t\t\t\t\t<\/div>\n\t\t\t\t\t\t<div class=\"sow-form-field sow-form-field-text\">\n\t\t\t\t<label class=\"sow-form-field-label-above\" for=\"sow-contact-form-field-toisen-kerroksen-kerroskaiteen-pituus-mm-1\">\n\t\t\t\t<strong>\n\t\t\t\t\tTOISEN KERROKSEN KERROSKAITEEN PITUUS (mm)\t\t\t\t\t\t\t\t\t<\/strong>\n\t\t\t<\/label>\n\t\t\t\t\t\t\t<div class=\"sow-field-container\">\n\t\t\t\t\t\t\t<input\n\t\t\ttype=\"text\"\n\t\t\tname=\"toisen-kerroksen-kerroskaiteen-pituus-mm-1\"\n\t\t\tid=\"sow-contact-form-field-toisen-kerroksen-kerroskaiteen-pituus-mm-1\"\n\t\t\tvalue=\"\"\n\t\t\tclass=\"sow-text-field\"\t\t\t\t\t\t\t\t\/>\n\t\t\t\t\t\t<\/div>\n\t\t\t\t\t\t\t<\/div>\n\t\t\t\t\t\t<div class=\"sow-form-field sow-form-field-select\">\n\t\t\t\t<label class=\"sow-form-field-label-above\" for=\"sow-contact-form-field-kasijohde-seinalla-1\">\n\t\t\t\t<strong>\n\t\t\t\t\tK\u00c4SIJOHDE SEIN\u00c4LL\u00c4\t\t\t\t\t\t\t\t\t<\/strong>\n\t\t\t<\/label>\n\t\t\t\t\t\t\t<div class=\"sow-field-container\">\n\t\t\t\t\t\t\t<select\n\t\t\tname=\"kasijohde-seinalla-1\"\n\t\t\tid=\"sow-contact-form-field-kasijohde-seinalla-1\"\n\t\t\t\t\t\t\t\t>\n\t\t\t\t\t\t\t\t<option\n\t\t\t\t\t\tvalue=\"KYLL\u00c4\">\n\t\t\t\t\t\tKYLL\u00c4\t\t\t\t\t<\/option>\n\t\t\t\t\t\t\t\t\t<option\n\t\t\t\t\t\tvalue=\"EI\">\n\t\t\t\t\t\tEI\t\t\t\t\t<\/option>\n\t\t\t\t\t\t<\/select>\n\t\t\t\t\t\t<\/div>\n\t\t\t\t\t\t\t<\/div>\n\t\t\t\t\t\t<div class=\"sow-form-field sow-form-field-select\">\n\t\t\t\t<label class=\"sow-form-field-label-above\" for=\"sow-contact-form-field-lapsiportti-1\">\n\t\t\t\t<strong>\n\t\t\t\t\tLAPSIPORTTI\t\t\t\t\t\t\t\t\t<\/strong>\n\t\t\t<\/label>\n\t\t\t\t\t\t\t<div class=\"sow-field-container\">\n\t\t\t\t\t\t\t<select\n\t\t\tname=\"lapsiportti-1\"\n\t\t\tid=\"sow-contact-form-field-lapsiportti-1\"\n\t\t\t\t\t\t\t\t>\n\t\t\t\t\t\t\t\t<option\n\t\t\t\t\t\tvalue=\"YL\u00d6S\">\n\t\t\t\t\t\tYL\u00d6S\t\t\t\t\t<\/option>\n\t\t\t\t\t\t\t\t\t<option\n\t\t\t\t\t\tvalue=\"ALAS\">\n\t\t\t\t\t\tALAS\t\t\t\t\t<\/option>\n\t\t\t\t\t\t<\/select>\n\t\t\t\t\t\t<\/div>\n\t\t\t\t\t\t\t<\/div>\n\t\t\t\t\t\t<div class=\"sow-form-field sow-form-field-select\">\n\t\t\t\t<label class=\"sow-form-field-label-above\" for=\"sow-contact-form-field-viimeistely-1\">\n\t\t\t\t<strong>\n\t\t\t\t\tVIIMEISTELY\t\t\t\t\t\t\t\t\t<\/strong>\n\t\t\t<\/label>\n\t\t\t\t\t\t\t<div class=\"sow-field-container\">\n\t\t\t\t\t\t\t<select\n\t\t\tname=\"viimeistely-1\"\n\t\t\tid=\"sow-contact-form-field-viimeistely-1\"\n\t\t\t\t\t\t\t\t>\n\t\t\t\t\t\t\t\t<option\n\t\t\t\t\t\tvalue=\"KYLL\u00c4\">\n\t\t\t\t\t\tKYLL\u00c4\t\t\t\t\t<\/option>\n\t\t\t\t\t\t\t\t\t<option\n\t\t\t\t\t\tvalue=\"EI\">\n\t\t\t\t\t\tEI\t\t\t\t\t<\/option>\n\t\t\t\t\t\t<\/select>\n\t\t\t\t\t\t<\/div>\n\t\t\t\t\t\t\t<\/div>\n\t\t\t\t\t\t<div class=\"sow-form-field sow-form-field-name\">\n\t\t\t\t<label class=\"sow-form-field-label-above\" for=\"sow-contact-form-field-nimi-1\">\n\t\t\t\t<strong>\n\t\t\t\t\tNIMI\t\t\t\t\t\t\t\t\t<\/strong>\n\t\t\t<\/label>\n\t\t\t\t\t\t\t<div class=\"sow-field-container\">\n\t\t\t\t\t\t\t<input\n\t\t\ttype=\"text\"\n\t\t\tname=\"nimi-1\"\n\t\t\tid=\"sow-contact-form-field-nimi-1\"\n\t\t\tvalue=\"\"\n\t\t\tclass=\"sow-text-field\"\n\t\t\t\t\t\t\t\t\/>\n\t\t\t\t\t\t<\/div>\n\t\t\t\t\t\t\t<\/div>\n\t\t\t\t\t\t<div class=\"sow-form-field sow-form-field-tel\">\n\t\t\t\t<label class=\"sow-form-field-label-above\" for=\"sow-contact-form-field-puhelin-1\">\n\t\t\t\t<strong>\n\t\t\t\t\tPUHELIN\t\t\t\t\t\t\t\t\t<\/strong>\n\t\t\t<\/label>\n\t\t\t\t\t\t\t<div class=\"sow-field-container\">\n\t\t\t\t\t\t\t<input\n\t\t\ttype=\"tel\"\n\t\t\tname=\"puhelin-1\"\n\t\t\tid=\"sow-contact-form-field-puhelin-1\"\n\t\t\tvalue=\"\"\n\t\t\tclass=\"sow-text-field\"\t\t\t\t\t\t\t\t\/>\n\t\t\t\t\t\t<\/div>\n\t\t\t\t\t\t\t<\/div>\n\t\t\t\t\t\t<div class=\"sow-form-field sow-form-field-email\">\n\t\t\t\t<label class=\"sow-form-field-label-above\" for=\"sow-contact-form-field-sahkoinen-kirje-1\">\n\t\t\t\t<strong>\n\t\t\t\t\tS\u00c4HK\u00d6INEN KIRJE\t\t\t\t\t\t\t\t\t<\/strong>\n\t\t\t<\/label>\n\t\t\t\t\t\t\t<div class=\"sow-field-container\">\n\t\t\t\t\t\t\t<input\n\t\t\ttype=\"email\"\n\t\t\tname=\"sahkoinen-kirje-1\"\n\t\t\tid=\"sow-contact-form-field-sahkoinen-kirje-1\"\n\t\t\tvalue=\"\"\n\t\t\tclass=\"sow-text-field\"\t\t\t\t\t\t\t\t\/>\n\t\t\t\t\t\t<\/div>\n\t\t\t\t\t\t\t<\/div>\n\t\t\t\t\t\t<div class=\"sow-form-field sow-form-field-textarea\">\n\t\t\t\t<label class=\"sow-form-field-label-above\" for=\"sow-contact-form-field-asennuspaikan-osoite-1\">\n\t\t\t\t<strong>\n\t\t\t\t\tASENNUSPAIKAN OSOITE\t\t\t\t\t\t\t\t\t<\/strong>\n\t\t\t<\/label>\n\t\t\t\t\t\t\t<div class=\"sow-field-container\">\n\t\t\t\t\t\t\t<textarea\n\t\t\tname=\"asennuspaikan-osoite-1\"\n\t\t\tid=\"sow-contact-form-field-asennuspaikan-osoite-1\"\n\t\t\trows=\"10\"\n\t\t\t\t\t\t\t\t><\/textarea>\n\t\t\t\t\t\t<\/div>\n\t\t\t\t\t\t\t<\/div>\n\t\t\t\n\t\t\n\t\t<div class=\"sow-submit-wrapper \n\t\tsow-submit-styled\t\t\">\n\n\t\t\t<button\n\t\t\t\ttype=\"submit\"\n\t\t\t\tclass=\"sow-submit\n\t\t\t\t\t\t\t\t\"\n\t\t\t\t\t\t\t>\n\t\t\t\tL\u00c4HET\u00c4 TARJOUSPYYNT\u00d6\t\t\t<\/button>\n\t\t<\/div>\n\t\t\t\t<input\n\t\t\ttype=\"hidden\"\n\t\t\tname=\"instance_hash-1\"\n\t\t\tvalue=\"69b96e52\"\n\t\t\/>\n\n\t\t<input type=\"hidden\" id=\"_wpnonce\" name=\"_wpnonce\" value=\"4bd7dce7f9\" \/><input type=\"hidden\" name=\"_wp_http_referer\" value=\"\/fin\/wp-json\/wp\/v2\/pages\/46\" \/>\t<\/form>\n\t<\/div><\/div><\/div><div id=\"pgc-46-0-1\"  class=\"panel-grid-cell\" ><div id=\"panel-46-0-1-0\" class=\"so-panel widget widget_sow-editor panel-first-child panel-last-child\" data-index=\"1\" ><div\n\t\t\t\n\t\t\tclass=\"so-widget-sow-editor so-widget-sow-editor-base\"\n\t\t\t\n\t\t>\n<div class=\"siteorigin-widget-tinymce textwidget\">\n\tngg_shortcode_0_placeholder\n<\/div>\n<\/div><\/div><\/div><\/div><\/div>","protected":false},"excerpt":{"rendered":"<p>PORRAS TYYPPI Suora L-PORRAS U-PORRAS PORTAAN AUKON MITAT (mm) KORKEUS \/ LEVEYS \/ PITUUS PORRAS MALLI SMYYGIEN V\u00c4LISS\u00c4 SATULA ASKELMIEN<\/p>\n<p><a href=\"https:\/\/bennetpuit.ee\/fin\/hintapyynto-portaat\/\" class=\"more-link\">Continue reading<span class=\"screen-reader-text\">Hintakysely &#8211; portaat<\/span><\/a><\/p>\n","protected":false},"author":1,"featured_media":0,"parent":0,"menu_order":0,"comment_status":"closed","ping_status":"closed","template":"","meta":{"ngg_post_thumbnail":0,"footnotes":""},"class_list":["post-46","page","type-page","status-publish","hentry"],"_links":{"self":[{"href":"https:\/\/bennetpuit.ee\/fin\/wp-json\/wp\/v2\/pages\/46","targetHints":{"allow":["GET"]}}],"collection":[{"href":"https:\/\/bennetpuit.ee\/fin\/wp-json\/wp\/v2\/pages"}],"about":[{"href":"https:\/\/bennetpuit.ee\/fin\/wp-json\/wp\/v2\/types\/page"}],"author":[{"embeddable":true,"href":"https:\/\/bennetpuit.ee\/fin\/wp-json\/wp\/v2\/users\/1"}],"replies":[{"embeddable":true,"href":"https:\/\/bennetpuit.ee\/fin\/wp-json\/wp\/v2\/comments?post=46"}],"version-history":[{"count":5,"href":"https:\/\/bennetpuit.ee\/fin\/wp-json\/wp\/v2\/pages\/46\/revisions"}],"predecessor-version":[{"id":258,"href":"https:\/\/bennetpuit.ee\/fin\/wp-json\/wp\/v2\/pages\/46\/revisions\/258"}],"wp:attachment":[{"href":"https:\/\/bennetpuit.ee\/fin\/wp-json\/wp\/v2\/media?parent=46"}],"curies":[{"name":"wp","href":"https:\/\/api.w.org\/{rel}","templated":true}]}}