{"id":31,"date":"2023-11-30T11:45:58","date_gmt":"2023-11-30T11:45:58","guid":{"rendered":"https:\/\/bennetpuit.ee\/fin\/?page_id=31"},"modified":"2024-01-27T19:36:56","modified_gmt":"2024-01-27T19:36:56","slug":"meista","status":"publish","type":"page","link":"https:\/\/bennetpuit.ee\/fin\/meista\/","title":{"rendered":"Meist\u00e4"},"content":{"rendered":"<div id=\"pl-31\"  class=\"panel-layout\" ><div id=\"pg-31-0\"  class=\"panel-grid panel-no-style\" ><div id=\"pgc-31-0-0\"  class=\"panel-grid-cell\" ><div id=\"panel-31-0-0-0\" class=\"so-panel widget widget_sow-editor panel-first-child panel-last-child\" data-index=\"0\" ><div\n\t\t\t\n\t\t\tclass=\"so-widget-sow-editor so-widget-sow-editor-base\"\n\t\t\t\n\t\t>\n<div class=\"siteorigin-widget-tinymce textwidget\">\n\t<p>Bennet Puit O\u00dc on perustettu vuoden 1998 alussa ja sen p\u00e4\u00e4toimialana on puutuotteiden valmistus.<br \/>\nEri materiaaleista valmistetut portaat, sis\u00e4- ja ulko-ovet, ikkunalaudat, huonekalut yms. valmistetaan tilauksesta.<br \/>\nToimintamme on suunnattu ihmisille, jotka ovat kiinnostuneita ainutlaatuisista ratkaisuista. Jokaisen tuotteen kohdalla huomioidaan asiakkaan toiveet, tarpeet ja mahdollisuudet.<br \/>\nBennet Puit valmistaa 100 - 150 porrasta vuodessa, joista 80 % menee vientiin Skandinavian maihin.<br \/>\nViron kiinnostavimpia valmistuneita kohteita ovat Toyota Balticin p\u00e4\u00e4konttorin portaat, Marati 5:n toimitilat, Viron maaseutumuseo, Torin hevoskasvatusmuseo, Tarton urheiluhistoriallinen museo ja Kumnan kartano.<br \/>\nTarton Viron kansallismuseoon on valmisteltu ovet.<br \/>\nMerko Veerennin kehitysty\u00f6h\u00f6n ja N\u00f5mme Keskusta varten on valmistettu paljon ikkunalaudat.<br \/>\nBennet Puit O\u00dc ty\u00f6llist\u00e4\u00e4 10 pitk\u00e4ll\u00e4 kokemuksella omaavaa mestaria.<\/p>\n<\/div>\n<\/div><\/div><\/div><div id=\"pgc-31-0-1\"  class=\"panel-grid-cell\" ><div id=\"panel-31-0-1-0\" class=\"so-panel widget widget_sow-editor panel-first-child panel-last-child\" data-index=\"1\" ><div\n\t\t\t\n\t\t\tclass=\"so-widget-sow-editor so-widget-sow-editor-base\"\n\t\t\t\n\t\t>\n<div class=\"siteorigin-widget-tinymce textwidget\">\n\tngg_shortcode_0_placeholder\n<\/div>\n<\/div><\/div><\/div><\/div><\/div>","protected":false},"excerpt":{"rendered":"<p>Bennet Puit O\u00dc on perustettu vuoden 1998 alussa ja sen p\u00e4\u00e4toimialana on puutuotteiden valmistus. Eri materiaaleista valmistetut portaat, sis\u00e4- ja<\/p>\n<p><a href=\"https:\/\/bennetpuit.ee\/fin\/meista\/\" class=\"more-link\">Continue reading<span class=\"screen-reader-text\">Meist\u00e4<\/span><\/a><\/p>\n","protected":false},"author":1,"featured_media":0,"parent":0,"menu_order":0,"comment_status":"closed","ping_status":"closed","template":"","meta":{"ngg_post_thumbnail":0,"footnotes":""},"class_list":["post-31","page","type-page","status-publish","hentry"],"_links":{"self":[{"href":"https:\/\/bennetpuit.ee\/fin\/wp-json\/wp\/v2\/pages\/31","targetHints":{"allow":["GET"]}}],"collection":[{"href":"https:\/\/bennetpuit.ee\/fin\/wp-json\/wp\/v2\/pages"}],"about":[{"href":"https:\/\/bennetpuit.ee\/fin\/wp-json\/wp\/v2\/types\/page"}],"author":[{"embeddable":true,"href":"https:\/\/bennetpuit.ee\/fin\/wp-json\/wp\/v2\/users\/1"}],"replies":[{"embeddable":true,"href":"https:\/\/bennetpuit.ee\/fin\/wp-json\/wp\/v2\/comments?post=31"}],"version-history":[{"count":11,"href":"https:\/\/bennetpuit.ee\/fin\/wp-json\/wp\/v2\/pages\/31\/revisions"}],"predecessor-version":[{"id":249,"href":"https:\/\/bennetpuit.ee\/fin\/wp-json\/wp\/v2\/pages\/31\/revisions\/249"}],"wp:attachment":[{"href":"https:\/\/bennetpuit.ee\/fin\/wp-json\/wp\/v2\/media?parent=31"}],"curies":[{"name":"wp","href":"https:\/\/api.w.org\/{rel}","templated":true}]}}