{"id":25,"date":"2023-11-30T11:29:47","date_gmt":"2023-11-30T11:29:47","guid":{"rendered":"https:\/\/bennetpuit.ee\/fin\/?page_id=25"},"modified":"2024-01-27T19:49:56","modified_gmt":"2024-01-27T19:49:56","slug":"erikoistilaushuonekalut","status":"publish","type":"page","link":"https:\/\/bennetpuit.ee\/fin\/erikoistilaushuonekalut\/","title":{"rendered":"Erikoistilaushuonekalut"},"content":{"rendered":"<div id=\"pl-25\"  class=\"panel-layout\" ><div id=\"pg-25-0\"  class=\"panel-grid panel-no-style\" ><div id=\"pgc-25-0-0\"  class=\"panel-grid-cell\" ><div id=\"panel-25-0-0-0\" class=\"so-panel widget widget_sow-editor panel-first-child panel-last-child\" data-index=\"0\" ><div\n\t\t\t\n\t\t\tclass=\"so-widget-sow-editor so-widget-sow-editor-base\"\n\t\t\t\n\t\t>\n<div class=\"siteorigin-widget-tinymce textwidget\">\n\tngg_shortcode_0_placeholder\n<\/div>\n<\/div><\/div><\/div><\/div><div id=\"pg-25-1\"  class=\"panel-grid panel-no-style\" ><div id=\"pgc-25-1-0\"  class=\"panel-grid-cell\" ><div id=\"panel-25-1-0-0\" class=\"so-panel widget widget_sow-editor panel-first-child panel-last-child\" data-index=\"1\" ><div\n\t\t\t\n\t\t\tclass=\"so-widget-sow-editor so-widget-sow-editor-base\"\n\t\t\t\n\t\t>\n<div class=\"siteorigin-widget-tinymce textwidget\">\n\t<p>Bennet Wood valmistaa huonekaluja tilausty\u00f6n\u00e4 asiakkaan toiveiden mukaan. Materiaalina k\u00e4ytet\u00e4\u00e4n massiivipuuta (tammi, koivu, py\u00f6kki, m\u00e4nty jne.), melamiinilevy\u00e4, luonnonviilulla p\u00e4\u00e4llystetty\u00e4 lastulevy\u00e4 ja MDF-levy\u00e4. Viimeistely petsill\u00e4, lakalla ja maalilla.<\/p>\n<\/div>\n<\/div><\/div><\/div><\/div><\/div>","protected":false},"excerpt":{"rendered":"<p>Bennet Wood valmistaa huonekaluja tilausty\u00f6n\u00e4 asiakkaan toiveiden mukaan. Materiaalina k\u00e4ytet\u00e4\u00e4n massiivipuuta (tammi, koivu, py\u00f6kki, m\u00e4nty jne.), melamiinilevy\u00e4, luonnonviilulla p\u00e4\u00e4llystetty\u00e4 lastulevy\u00e4<\/p>\n<p><a href=\"https:\/\/bennetpuit.ee\/fin\/erikoistilaushuonekalut\/\" class=\"more-link\">Continue reading<span class=\"screen-reader-text\">Erikoistilaushuonekalut<\/span><\/a><\/p>\n","protected":false},"author":1,"featured_media":0,"parent":0,"menu_order":0,"comment_status":"closed","ping_status":"closed","template":"","meta":{"ngg_post_thumbnail":0,"footnotes":""},"class_list":["post-25","page","type-page","status-publish","hentry"],"_links":{"self":[{"href":"https:\/\/bennetpuit.ee\/fin\/wp-json\/wp\/v2\/pages\/25","targetHints":{"allow":["GET"]}}],"collection":[{"href":"https:\/\/bennetpuit.ee\/fin\/wp-json\/wp\/v2\/pages"}],"about":[{"href":"https:\/\/bennetpuit.ee\/fin\/wp-json\/wp\/v2\/types\/page"}],"author":[{"embeddable":true,"href":"https:\/\/bennetpuit.ee\/fin\/wp-json\/wp\/v2\/users\/1"}],"replies":[{"embeddable":true,"href":"https:\/\/bennetpuit.ee\/fin\/wp-json\/wp\/v2\/comments?post=25"}],"version-history":[{"count":2,"href":"https:\/\/bennetpuit.ee\/fin\/wp-json\/wp\/v2\/pages\/25\/revisions"}],"predecessor-version":[{"id":254,"href":"https:\/\/bennetpuit.ee\/fin\/wp-json\/wp\/v2\/pages\/25\/revisions\/254"}],"wp:attachment":[{"href":"https:\/\/bennetpuit.ee\/fin\/wp-json\/wp\/v2\/media?parent=25"}],"curies":[{"name":"wp","href":"https:\/\/api.w.org\/{rel}","templated":true}]}}